{"id":57,"date":"2021-06-29T05:54:17","date_gmt":"2021-06-29T05:54:17","guid":{"rendered":"https:\/\/cecsoftware.com.br\/?page_id=57"},"modified":"2022-09-26T22:39:15","modified_gmt":"2022-09-27T01:39:15","slug":"home","status":"publish","type":"page","link":"https:\/\/cecsoftware.com.br\/","title":{"rendered":"In\u00edcio"},"content":{"rendered":"\n<div class=\"wp-block-cover alignfull\" style=\"min-height:720px\"><span aria-hidden=\"true\" class=\"has-ast-global-color-1-background-color has-background-dim-70 wp-block-cover__gradient-background has-background-dim\"><\/span><img loading=\"lazy\" width=\"2560\" height=\"1707\" class=\"wp-block-cover__image-background wp-image-99\" alt=\"\" src=\"https:\/\/cecsoftware.com.br\/wp-content\/uploads\/2022\/03\/Background_01-scaled.jpg\" style=\"object-position:51% 64%\" data-object-fit=\"cover\" data-object-position=\"51% 64%\" srcset=\"https:\/\/cecsoftware.com.br\/wp-content\/uploads\/2022\/03\/Background_01-scaled.jpg 2560w, https:\/\/cecsoftware.com.br\/wp-content\/uploads\/2022\/03\/Background_01-300x200.jpg 300w, https:\/\/cecsoftware.com.br\/wp-content\/uploads\/2022\/03\/Background_01-1024x683.jpg 1024w, https:\/\/cecsoftware.com.br\/wp-content\/uploads\/2022\/03\/Background_01-768x512.jpg 768w, https:\/\/cecsoftware.com.br\/wp-content\/uploads\/2022\/03\/Background_01-1536x1024.jpg 1536w, https:\/\/cecsoftware.com.br\/wp-content\/uploads\/2022\/03\/Background_01-2048x1365.jpg 2048w\" sizes=\"(max-width: 2560px) 100vw, 2560px\" \/><div class=\"wp-block-cover__inner-container\">\n<div style=\"height:55px\" aria-hidden=\"true\" class=\"wp-block-spacer\"><\/div>\n\n\n\n<h1 class=\"has-text-color\" style=\"color:#ffffff\">Inovar | Facilitar | Atender<\/h1>\n\n\n\n<h5 class=\"has-text-color\" style=\"color:#ffffff\">Software de Gest\u00e3o + Automa\u00e7\u00e3o Comercial + Solu\u00e7\u00e3o Completa<\/h5>\n\n\n\n<p class=\"has-text-color\" style=\"color:#ffffff\">Sua empresa de forma simples e integrada.<\/p>\n\n\n\n<p>Clique abaixo para receber um contato dos nossos especialistas!<\/p>\n\n\n\n<div style=\"height:40px\" aria-hidden=\"true\" class=\"wp-block-spacer\"><\/div>\n\n\n\n<div class=\"wp-container-1 wp-block-buttons\">\n<div class=\"wp-block-button\"><a class=\"wp-block-button__link has-ast-global-color-0-color has-text-color has-background\" href=\"#\" style=\"background-color:#ffffff\">Receber um contato<\/a><\/div>\n\n\n\n<div class=\"wp-block-button is-style-outline\"><a class=\"wp-block-button__link has-text-color\" href=\"#\" style=\"color:#ffffff\">Mais informa\u00e7\u00f5es<\/a><\/div>\n<\/div>\n\n\n\n<div style=\"height:83px\" aria-hidden=\"true\" class=\"wp-block-spacer\"><\/div>\n\n\n\n<p class=\"has-text-color\" style=\"color:#ffffff\">Confi\u00e1vel | Intuitivo | Inteligente | Experiente | Profissional<\/p>\n<\/div><\/div>\n\n\n\n<div class=\"wp-container-5 wp-block-group alignfull has-ast-global-color-5-background-color has-background\"><div class=\"wp-block-group__inner-container\">\n<h6 class=\"has-text-align-center has-luminous-vivid-amber-color has-text-color has-medium-font-size\">sOLU\u00c7\u00d5ES COMPLETAS PARA O VAREJO<\/h6>\n\n\n\n<h2 class=\"has-text-align-center\">O que fazemos?<\/h2>\n\n\n\n<p class=\"has-text-align-center\">Nossas solu\u00e7\u00f5es em software de gest\u00e3o, produzem facilidade e otimizam os processos gerenciais, gerando seguran\u00e7a e a agilidade na opera\u00e7\u00e3o do dia a dia do pequeno e m\u00e9dio empres\u00e1rio. Atendimento facilitado e din\u00e2mico para que nossos clientes alcancem a performance buscada atrav\u00e9s das nossas solu\u00e7\u00f5es.<\/p>\n\n\n\n<div class=\"wp-block-media-text alignwide is-stacked-on-mobile is-vertically-aligned-center\"><figure class=\"wp-block-media-text__media\"><img loading=\"lazy\" width=\"640\" height=\"426\" src=\"http:\/\/cecsoftware.com.br\/wp-content\/uploads\/2021\/07\/crop-woman-using-calculator-and-taking-notes-on-paper.jpg\" alt=\"\" class=\"wp-image-27 size-full\" srcset=\"https:\/\/cecsoftware.com.br\/wp-content\/uploads\/2021\/07\/crop-woman-using-calculator-and-taking-notes-on-paper.jpg 640w, https:\/\/cecsoftware.com.br\/wp-content\/uploads\/2021\/07\/crop-woman-using-calculator-and-taking-notes-on-paper-300x200.jpg 300w\" sizes=\"(max-width: 640px) 100vw, 640px\" \/><\/figure><div class=\"wp-block-media-text__content\">\n<h5 class=\"has-ast-global-color-0-color has-text-color\">01.<\/h5>\n\n\n\n<h3>Gest\u00e3o focada no Crescimento<\/h3>\n\n\n\n<p>Com nossas solu\u00e7\u00f5es proporcionamos o entendimento dos principais indicadores do neg\u00f3cio para que a tomada de decis\u00e3o seja facilitada. Com relat\u00f3rios e gr\u00e1ficos completos, saiba em tempo real tudo sobre o seu neg\u00f3cio.<\/p>\n\n\n\n<div class=\"wp-container-2 wp-block-buttons\">\n<div class=\"wp-block-button\"><a class=\"wp-block-button__link\">Read More<\/a><\/div>\n<\/div>\n<\/div><\/div>\n\n\n\n<div class=\"wp-block-media-text alignwide has-media-on-the-right is-stacked-on-mobile is-vertically-aligned-center\"><figure class=\"wp-block-media-text__media\"><img loading=\"lazy\" width=\"640\" height=\"426\" src=\"http:\/\/cecsoftware.com.br\/wp-content\/uploads\/2021\/07\/heap-of-american-money-cash-and-vintage-light-box.jpg\" alt=\"\" class=\"wp-image-28 size-full\" srcset=\"https:\/\/cecsoftware.com.br\/wp-content\/uploads\/2021\/07\/heap-of-american-money-cash-and-vintage-light-box.jpg 640w, https:\/\/cecsoftware.com.br\/wp-content\/uploads\/2021\/07\/heap-of-american-money-cash-and-vintage-light-box-300x200.jpg 300w\" sizes=\"(max-width: 640px) 100vw, 640px\" \/><\/figure><div class=\"wp-block-media-text__content\">\n<h5 class=\"has-ast-global-color-0-color has-text-color\">02.<\/h5>\n\n\n\n<h3>Legisla\u00e7\u00e3o<\/h3>\n\n\n\n<p>As obrigatoriedades fiscais do seu neg\u00f3cio em uma solu\u00e7\u00e3o \u00fanica. De forma f\u00e1cil e intuitiva todas as quest\u00f5es fiscais s\u00e3o tratadas nos m\u00f3dulos dos nossos softwares de gest\u00e3o. <\/p>\n\n\n\n<div class=\"wp-container-3 wp-block-buttons\">\n<div class=\"wp-block-button\"><a class=\"wp-block-button__link\">Read More<\/a><\/div>\n<\/div>\n<\/div><\/div>\n\n\n\n<div class=\"wp-block-media-text alignwide is-stacked-on-mobile is-vertically-aligned-center\"><figure class=\"wp-block-media-text__media\"><img loading=\"lazy\" width=\"640\" height=\"426\" src=\"http:\/\/cecsoftware.com.br\/wp-content\/uploads\/2021\/07\/crop-payroll-clerk-counting-money-while-sitting-at-table.jpg\" alt=\"\" class=\"wp-image-26 size-full\" srcset=\"https:\/\/cecsoftware.com.br\/wp-content\/uploads\/2021\/07\/crop-payroll-clerk-counting-money-while-sitting-at-table.jpg 640w, https:\/\/cecsoftware.com.br\/wp-content\/uploads\/2021\/07\/crop-payroll-clerk-counting-money-while-sitting-at-table-300x200.jpg 300w\" sizes=\"(max-width: 640px) 100vw, 640px\" \/><\/figure><div class=\"wp-block-media-text__content\">\n<h5 class=\"has-ast-global-color-0-color has-text-color\">03.<\/h5>\n\n\n\n<h3>Financeiro <\/h3>\n\n\n\n<p>Acompanhe e gerencie seu financeiro de forma f\u00e1cil e estrat\u00e9gica. Gerencie seu neg\u00f3cio e conduza ao pr\u00f3ximo n\u00edvel investindo atrav\u00e9s de informa\u00e7\u00f5es e proje\u00e7\u00f5es para o futuro do seu empreendimento.<\/p>\n\n\n\n<div class=\"wp-container-4 wp-block-buttons\">\n<div class=\"wp-block-button\"><a class=\"wp-block-button__link\">Read More<\/a><\/div>\n<\/div>\n<\/div><\/div>\n<\/div><\/div>\n\n\n\n<div class=\"wp-container-9 wp-block-group alignfull has-ast-global-color-4-background-color has-background\"><div class=\"wp-block-group__inner-container\">\n<h6 class=\"has-text-align-center has-luminous-vivid-amber-color has-text-color has-medium-font-size\">POR QUE ESCOLHER A C.E.C SOFTWARE<\/h6>\n\n\n\n<p class=\"has-text-align-center\">Somos uma empresa com esp\u00edrito jovem. Nosso trabalho, nossas pessoas, nossos clientes s\u00e3o a nossa fonte de entusiasmo!<\/p>\n\n\n\n<p class=\"has-text-align-center\">Acreditamos que melhorar continuamente \u00e9 o caminho do sucesso!<\/p>\n\n\n\n<p class=\"has-text-align-center\">Tudo \u00e9 pelas pessoas! A come\u00e7ar pelos nossos que s\u00e3o os propagadores das nossas potencialidades e tamb\u00e9m por todos os clientes que confiam em nosso trabalho.<\/p>\n\n\n\n<p class=\"has-text-align-center\">Entregamos facilidade, organiza\u00e7\u00e3o, confiabilidade e acima de tudo uma verdadeira parceria, para que nossos clientes conquistem resultados expressivos em seus neg\u00f3cios.<\/p>\n\n\n\n<p class=\"has-text-align-center\">O sucesso do nosso cliente nos entusiasma. N\u00e3o se trata de um contrato e sim de uma boa amizade!<\/p>\n\n\n\n<p class=\"has-text-align-center\">As palavras comuns s\u00e3o <strong>Paix\u00e3o<\/strong>, <strong>Amor<\/strong>, <strong>Comprometimento<\/strong> e <strong>Resultado<\/strong>!<\/p>\n\n\n\n<div class=\"wp-block-columns alignwide\">\n<div class=\"wp-block-column\">\n<div class=\"wp-container-6 wp-block-group has-ast-global-color-5-background-color has-background\"><div class=\"wp-block-group__inner-container\">\n<div class=\"wp-block-uagb-info-box uagb-infobox__outer-wrap uagb-block-ad4e5ce9\"><div class=\"uagb-infobox__content-wrap uagb-infobox uagb-infobox-has-icon uagb-infobox-icon-left uagb-infobox-left uagb-infobox-stacked-tablet uagb-infobox-image-valign-top uagb-infobox-enable-border-radius \"><div class=\"uagb-ifb-left-right-wrap\"><div class=\"uagb-ifb-image-icon-content uagb-ifb-imgicon-wrap\"><div class=\"uagb-ifb-icon-wrap\"><span class=\"uagb-ifb-icon\"><svg xmlns=\"http:\/\/www.w3.org\/2000\/svg\" viewbox=\"0 0 448 512\"><path d=\"M436 160H12c-6.627 0-12-5.373-12-12v-36c0-26.51 21.49-48 48-48h48V12c0-6.627 5.373-12 12-12h40c6.627 0 12 5.373 12 12v52h128V12c0-6.627 5.373-12 12-12h40c6.627 0 12 5.373 12 12v52h48c26.51 0 48 21.49 48 48v36c0 6.627-5.373 12-12 12zM12 192h424c6.627 0 12 5.373 12 12v260c0 26.51-21.49 48-48 48H48c-26.51 0-48-21.49-48-48V204c0-6.627 5.373-12 12-12zm333.296 95.947l-28.169-28.398c-4.667-4.705-12.265-4.736-16.97-.068L194.12 364.665l-45.98-46.352c-4.667-4.705-12.266-4.736-16.971-.068l-28.397 28.17c-4.705 4.667-4.736 12.265-.068 16.97l82.601 83.269c4.667 4.705 12.265 4.736 16.97.068l142.953-141.805c4.705-4.667 4.736-12.265.068-16.97z\"><\/path><\/svg><\/span><\/div><\/div><div class=\"uagb-ifb-content\"><div class=\"uagb-ifb-title-wrap\"><h4 class=\"uagb-ifb-title\"><strong>Organiza\u00e7\u00e3o<\/strong><\/h4><\/div><div class=\"uagb-ifb-text-wrap\"><p class=\"uagb-ifb-desc\">Nossas solu\u00e7\u00f5es geram organiza\u00e7\u00e3o e proporcionam crescimento aos nossos clientes.<br><\/p><\/div><\/div><\/div><\/div><\/div>\n<\/div><\/div>\n<\/div>\n\n\n\n<div class=\"wp-block-column\">\n<div class=\"wp-container-7 wp-block-group has-ast-global-color-5-background-color has-background\"><div class=\"wp-block-group__inner-container\">\n<div class=\"wp-block-uagb-info-box uagb-infobox__outer-wrap uagb-block-6562398d\"><div class=\"uagb-infobox__content-wrap uagb-infobox uagb-infobox-has-icon uagb-infobox-icon-left uagb-infobox-left uagb-infobox-stacked-tablet uagb-infobox-image-valign-top uagb-infobox-enable-border-radius \"><div class=\"uagb-ifb-left-right-wrap\"><div class=\"uagb-ifb-image-icon-content uagb-ifb-imgicon-wrap\"><div class=\"uagb-ifb-icon-wrap\"><span class=\"uagb-ifb-icon\"><svg xmlns=\"http:\/\/www.w3.org\/2000\/svg\" viewbox=\"0 0 512 512\"><path d=\"M128 480h256V80c0-26.5-21.5-48-48-48H176c-26.5 0-48 21.5-48 48v400zm64-384h128v32H192V96zm320 80v256c0 26.5-21.5 48-48 48h-48V128h48c26.5 0 48 21.5 48 48zM96 480H48c-26.5 0-48-21.5-48-48V176c0-26.5 21.5-48 48-48h48v352z\"><\/path><\/svg><\/span><\/div><\/div><div class=\"uagb-ifb-content\"><div class=\"uagb-ifb-title-wrap\"><h4 class=\"uagb-ifb-title\"><strong><strong>Comprometimento<\/strong> <\/strong><\/h4><\/div><div class=\"uagb-ifb-text-wrap\"><p class=\"uagb-ifb-desc\">Nossa equipe \u00e9 engajada e busca a todo instante gerar a melhor experi\u00eancia no atendimento.<\/p><\/div><\/div><\/div><\/div><\/div>\n<\/div><\/div>\n<\/div>\n\n\n\n<div class=\"wp-block-column\">\n<div class=\"wp-container-8 wp-block-group has-ast-global-color-5-background-color has-background\"><div class=\"wp-block-group__inner-container\">\n<div class=\"wp-block-uagb-info-box uagb-infobox__outer-wrap uagb-block-d4fc9387\"><div class=\"uagb-infobox__content-wrap uagb-infobox uagb-infobox-has-icon uagb-infobox-icon-left uagb-infobox-left uagb-infobox-stacked-tablet uagb-infobox-image-valign-top uagb-infobox-enable-border-radius \"><div class=\"uagb-ifb-left-right-wrap\"><div class=\"uagb-ifb-image-icon-content uagb-ifb-imgicon-wrap\"><div class=\"uagb-ifb-icon-wrap\"><span class=\"uagb-ifb-icon\"><svg xmlns=\"http:\/\/www.w3.org\/2000\/svg\" viewbox=\"0 0 496 512\"><path d=\"M248 8C111 8 0 119 0 256s111 248 248 248 248-111 248-248S385 8 248 8zM90.4 183.6c6.7-17.6 26.7-26.7 44.9-21.9l7.1 1.9 2-7.1c5-18.1 22.8-30.9 41.5-27.9 21.4 3.4 34.4 24.2 28.8 44.5L195.3 243c-1.2 4.5-5.9 7.2-10.5 6l-70.2-18.2c-20.4-5.4-31.9-27-24.2-47.2zM248 432c-60.6 0-134.5-38.3-143.8-93.3-2-11.8 9.2-21.5 20.7-17.9C155.1 330.5 200 336 248 336s92.9-5.5 123.1-15.2c11.4-3.6 22.6 6.1 20.7 17.9-9.3 55-83.2 93.3-143.8 93.3zm133.4-201.3l-70.2 18.2c-4.5 1.2-9.2-1.5-10.5-6L281.3 173c-5.6-20.3 7.4-41.1 28.8-44.5 18.6-3 36.4 9.8 41.5 27.9l2 7.1 7.1-1.9c18.2-4.7 38.2 4.3 44.9 21.9 7.7 20.3-3.8 41.9-24.2 47.2z\"><\/path><\/svg><\/span><\/div><\/div><div class=\"uagb-ifb-content\"><div class=\"uagb-ifb-title-wrap\"><h4 class=\"uagb-ifb-title\"><strong><strong><strong>Sensib<\/strong><\/strong><\/strong><strong><strong><strong>ilidade<\/strong><\/strong><\/strong><\/h4><\/div><div class=\"uagb-ifb-text-wrap\"><p class=\"uagb-ifb-desc\">Sabemos que nossas solu\u00e7\u00f5es est\u00e3o voltadas para o crescimento de nossos clientes. <br><\/p><\/div><\/div><\/div><\/div><\/div>\n<\/div><\/div>\n<\/div>\n<\/div>\n<\/div><\/div>\n\n\n\n<div class=\"wp-container-13 wp-block-group alignfull has-ast-global-color-5-background-color has-background\"><div class=\"wp-block-group__inner-container\">\n<h6 class=\"has-text-align-center has-luminous-vivid-amber-color has-text-color has-medium-font-size\"><strong>NOSSO MOTIVO DE EMPREENDER<\/strong><\/h6>\n\n\n\n<h2 class=\"has-text-align-center\">O que os Nossos Clientes falam?<\/h2>\n\n\n\n<div class=\"wp-block-columns alignwide\">\n<div class=\"wp-block-column\">\n<div class=\"wp-container-10 wp-block-group has-ast-global-color-4-background-color has-background\"><div class=\"wp-block-group__inner-container\">\n<p>Click edit button to change this text. Lorem ipsum dolor sit amet, consectetur adipiscing elit. Ut elit tellus, luctus nec ullamcorper mattis, pulvinar dapibus leo.<\/p>\n\n\n\n<h6><strong>Amanda Lee<\/strong><\/h6>\n\n\n\n<p style=\"font-size:14px\">CEO &amp; Founder Crix<\/p>\n<\/div><\/div>\n<\/div>\n\n\n\n<div class=\"wp-block-column\">\n<div class=\"wp-container-11 wp-block-group has-ast-global-color-4-background-color has-background\"><div class=\"wp-block-group__inner-container\">\n<p>Click edit button to change this text. Lorem ipsum dolor sit amet, consectetur adipiscing elit. Ut elit tellus, luctus nec ullamcorper mattis, pulvinar dapibus leo.<\/p>\n\n\n\n<h6><strong>Adam Cheise<\/strong><\/h6>\n\n\n\n<p style=\"font-size:14px\">Director at Dynamic<\/p>\n<\/div><\/div>\n<\/div>\n\n\n\n<div class=\"wp-block-column\">\n<div class=\"wp-container-12 wp-block-group has-ast-global-color-4-background-color has-background\"><div class=\"wp-block-group__inner-container\">\n<p>Click edit button to change this text. Lorem ipsum dolor sit amet, consectetur adipiscing elit. Ut elit tellus, luctus nec ullamcorper mattis, pulvinar dapibus leo.<\/p>\n\n\n\n<h6><strong>Catherine Gilbert<\/strong><\/h6>\n\n\n\n<p style=\"font-size:14px\">Director at Initech<\/p>\n<\/div><\/div>\n<\/div>\n<\/div>\n\n\n\n<div style=\"height:40px\" aria-hidden=\"true\" class=\"wp-block-spacer\"><\/div>\n\n\n\n<figure class=\"wp-block-gallery alignwide has-nested-images columns-5\">\n<figure class=\"wp-block-image size-large\"><img loading=\"lazy\" width=\"4096\" height=\"754\" src=\"http:\/\/cecsoftware.com.br\/wp-content\/uploads\/2022\/09\/W11-1.png\" alt=\"\" class=\"wp-image-180\" srcset=\"https:\/\/cecsoftware.com.br\/wp-content\/uploads\/2022\/09\/W11-1.png 4096w, https:\/\/cecsoftware.com.br\/wp-content\/uploads\/2022\/09\/W11-1-300x55.png 300w, https:\/\/cecsoftware.com.br\/wp-content\/uploads\/2022\/09\/W11-1-1024x189.png 1024w, https:\/\/cecsoftware.com.br\/wp-content\/uploads\/2022\/09\/W11-1-768x141.png 768w, https:\/\/cecsoftware.com.br\/wp-content\/uploads\/2022\/09\/W11-1-1536x283.png 1536w, https:\/\/cecsoftware.com.br\/wp-content\/uploads\/2022\/09\/W11-1-2048x377.png 2048w\" sizes=\"(max-width: 4096px) 100vw, 4096px\" \/><\/figure>\n\n\n\n<figure class=\"wp-block-image size-large\"><img loading=\"lazy\" width=\"447\" height=\"113\" src=\"http:\/\/cecsoftware.com.br\/wp-content\/uploads\/2022\/09\/SQL-1.png\" alt=\"\" class=\"wp-image-182\" srcset=\"https:\/\/cecsoftware.com.br\/wp-content\/uploads\/2022\/09\/SQL-1.png 447w, https:\/\/cecsoftware.com.br\/wp-content\/uploads\/2022\/09\/SQL-1-300x76.png 300w\" sizes=\"(max-width: 447px) 100vw, 447px\" \/><\/figure>\n\n\n\n<figure class=\"wp-block-image size-large\"><img loading=\"lazy\" width=\"314\" height=\"156\" src=\"https:\/\/cecsoftware.com.br\/wp-content\/uploads\/2022\/09\/Backup-edited-1.png\" alt=\"\" class=\"wp-image-189\" srcset=\"https:\/\/cecsoftware.com.br\/wp-content\/uploads\/2022\/09\/Backup-edited-1.png 314w, https:\/\/cecsoftware.com.br\/wp-content\/uploads\/2022\/09\/Backup-edited-1-300x149.png 300w\" sizes=\"(max-width: 314px) 100vw, 314px\" \/><\/figure>\n<\/figure>\n\n\n\n<p><\/p>\n<\/div><\/div>\n\n\n\n<div class=\"wp-block-cover alignfull has-custom-content-position is-position-bottom-center\" style=\"min-height:487px\"><span aria-hidden=\"true\" class=\"has-background-dim-90 wp-block-cover__gradient-background has-background-dim has-background-gradient\" style=\"background:linear-gradient(90deg,rgb(249,249,249) 52%,rgb(26,148,232) 63%)\"><\/span><img loading=\"lazy\" width=\"1200\" height=\"800\" class=\"wp-block-cover__image-background wp-image-101\" alt=\"\" src=\"https:\/\/cecsoftware.com.br\/wp-content\/uploads\/2022\/03\/pestcontrolsales.jpg\" style=\"object-position:47% 44%\" data-object-fit=\"cover\" data-object-position=\"47% 44%\" srcset=\"https:\/\/cecsoftware.com.br\/wp-content\/uploads\/2022\/03\/pestcontrolsales.jpg 1200w, https:\/\/cecsoftware.com.br\/wp-content\/uploads\/2022\/03\/pestcontrolsales-300x200.jpg 300w, https:\/\/cecsoftware.com.br\/wp-content\/uploads\/2022\/03\/pestcontrolsales-1024x683.jpg 1024w, https:\/\/cecsoftware.com.br\/wp-content\/uploads\/2022\/03\/pestcontrolsales-768x512.jpg 768w\" sizes=\"(max-width: 1200px) 100vw, 1200px\" \/><div class=\"wp-block-cover__inner-container\">\n<div class=\"wp-block-columns\">\n<div class=\"wp-block-column\" style=\"flex-basis:1000px\">\n<figure class=\"wp-block-image size-large is-resized\"><img loading=\"lazy\" src=\"http:\/\/cecsoftware.com.br\/wp-content\/uploads\/2022\/03\/CEC_Software_Logo_v1-1024x296.png\" alt=\"\" class=\"wp-image-94\" width=\"517\" height=\"148\" srcset=\"https:\/\/cecsoftware.com.br\/wp-content\/uploads\/2022\/03\/CEC_Software_Logo_v1-1024x296.png 1024w, https:\/\/cecsoftware.com.br\/wp-content\/uploads\/2022\/03\/CEC_Software_Logo_v1-300x87.png 300w, https:\/\/cecsoftware.com.br\/wp-content\/uploads\/2022\/03\/CEC_Software_Logo_v1-768x222.png 768w, https:\/\/cecsoftware.com.br\/wp-content\/uploads\/2022\/03\/CEC_Software_Logo_v1-226x65.png 226w, https:\/\/cecsoftware.com.br\/wp-content\/uploads\/2022\/03\/CEC_Software_Logo_v1.png 1181w\" sizes=\"(max-width: 517px) 100vw, 517px\" \/><\/figure>\n<\/div>\n\n\n\n<div class=\"wp-block-column\"><\/div>\n\n\n\n<div class=\"wp-block-column\"><\/div>\n\n\n\n<div class=\"wp-block-column\" style=\"flex-basis:500px\">\n<h3 class=\"has-ast-global-color-4-color has-text-color\">contato<\/h3>\n\n\n<div role=\"form\" class=\"wpcf7\" id=\"wpcf7-f117-o1\" lang=\"pt-BR\" dir=\"ltr\">\n<div class=\"screen-reader-response\"><p role=\"status\" aria-live=\"polite\" aria-atomic=\"true\"><\/p> <ul><\/ul><\/div>\n<form action=\"\/index.php?rest_route=%2Fwp%2Fv2%2Fpages%2F57#wpcf7-f117-o1\" method=\"post\" class=\"wpcf7-form init\" novalidate=\"novalidate\" data-status=\"init\">\n<div style=\"display: none;\">\n<input type=\"hidden\" name=\"_wpcf7\" value=\"117\" \/>\n<input type=\"hidden\" name=\"_wpcf7_version\" value=\"5.5.6\" \/>\n<input type=\"hidden\" name=\"_wpcf7_locale\" value=\"pt_BR\" \/>\n<input type=\"hidden\" name=\"_wpcf7_unit_tag\" value=\"wpcf7-f117-o1\" \/>\n<input type=\"hidden\" name=\"_wpcf7_container_post\" value=\"0\" \/>\n<input type=\"hidden\" name=\"_wpcf7_posted_data_hash\" value=\"\" \/>\n<\/div>\n<p><label> Nome<br \/>\n    <span class=\"wpcf7-form-control-wrap your-name\"><input type=\"text\" name=\"your-name\" value=\"\" size=\"40\" class=\"wpcf7-form-control wpcf7-text wpcf7-validates-as-required\" aria-required=\"true\" aria-invalid=\"false\" \/><\/span> <\/label><\/p>\n<p><label> Telefone<br \/>\n    <span class=\"wpcf7-form-control-wrap your-phone\"><input type=\"text\" name=\"your-phone\" value=\"\" size=\"40\" class=\"wpcf7-form-control wpcf7-text wpcf7-validates-as-required\" aria-required=\"true\" aria-invalid=\"false\" \/><\/span> <\/label><\/p>\n<p><label> E-mail<br \/>\n    <span class=\"wpcf7-form-control-wrap your-email\"><input type=\"email\" name=\"your-email\" value=\"\" size=\"40\" class=\"wpcf7-form-control wpcf7-text wpcf7-email wpcf7-validates-as-required wpcf7-validates-as-email\" aria-required=\"true\" aria-invalid=\"false\" \/><\/span> <\/label><\/p>\n<p><label> Mensagem<br \/>\n    <span class=\"wpcf7-form-control-wrap your-message\"><textarea name=\"your-message\" cols=\"40\" rows=\"10\" class=\"wpcf7-form-control wpcf7-textarea\" aria-invalid=\"false\"><\/textarea><\/span> <\/label><\/p>\n<p><input type=\"submit\" value=\"Enviar\" class=\"wpcf7-form-control has-spinner wpcf7-submit\" \/><\/p>\n<div class=\"wpcf7-response-output\" aria-hidden=\"true\"><\/div><\/form><\/div>\n<\/div>\n<\/div>\n<\/div><\/div>\n\n\n\n<p><\/p>\n","protected":false},"excerpt":{"rendered":"<p>sOLU\u00c7\u00d5ES COMPLETAS PARA O VAREJO O que fazemos? Nossas solu\u00e7\u00f5es em software de gest\u00e3o, produzem facilidade e otimizam os processos gerenciais, gerando seguran\u00e7a e a agilidade na opera\u00e7\u00e3o do dia a dia do pequeno e m\u00e9dio empres\u00e1rio. Atendimento facilitado e din\u00e2mico para que nossos clientes alcancem a performance buscada atrav\u00e9s das nossas solu\u00e7\u00f5es. 01. Gest\u00e3o &hellip;<\/p>\n<p class=\"read-more\"> <a class=\"\" href=\"https:\/\/cecsoftware.com.br\/\"> <span class=\"screen-reader-text\">In\u00edcio<\/span> Leia mais &raquo;<\/a><\/p>\n","protected":false},"author":2,"featured_media":0,"parent":0,"menu_order":0,"comment_status":"closed","ping_status":"closed","template":"","meta":{"site-sidebar-layout":"no-sidebar","site-content-layout":"plain-container","ast-main-header-display":"","ast-hfb-above-header-display":"","ast-hfb-below-header-display":"","ast-hfb-mobile-header-display":"","site-post-title":"disabled","ast-breadcrumbs-content":"","ast-featured-img":"disabled","footer-sml-layout":"","theme-transparent-header-meta":"enabled","adv-header-id-meta":"","stick-header-meta":"","header-above-stick-meta":"","header-main-stick-meta":"","header-below-stick-meta":""},"uagb_featured_image_src":{"full":false,"thumbnail":false,"medium":false,"medium_large":false,"large":false,"1536x1536":false,"2048x2048":false},"uagb_author_info":{"display_name":"Cristiano de Jesus Cleto","author_link":"https:\/\/cecsoftware.com.br\/?author=2"},"uagb_comment_info":0,"uagb_excerpt":"sOLU\u00c7\u00d5ES COMPLETAS PARA O VAREJO O que fazemos? Nossas solu\u00e7\u00f5es em software de gest\u00e3o, produzem facilidade e otimizam os processos gerenciais, gerando seguran\u00e7a e a agilidade na opera\u00e7\u00e3o do dia a dia do pequeno e m\u00e9dio empres\u00e1rio. Atendimento facilitado e din\u00e2mico para que nossos clientes alcancem a performance buscada atrav\u00e9s das nossas solu\u00e7\u00f5es. 01. Gest\u00e3o&hellip;","_links":{"self":[{"href":"https:\/\/cecsoftware.com.br\/index.php?rest_route=\/wp\/v2\/pages\/57"}],"collection":[{"href":"https:\/\/cecsoftware.com.br\/index.php?rest_route=\/wp\/v2\/pages"}],"about":[{"href":"https:\/\/cecsoftware.com.br\/index.php?rest_route=\/wp\/v2\/types\/page"}],"author":[{"embeddable":true,"href":"https:\/\/cecsoftware.com.br\/index.php?rest_route=\/wp\/v2\/users\/2"}],"replies":[{"embeddable":true,"href":"https:\/\/cecsoftware.com.br\/index.php?rest_route=%2Fwp%2Fv2%2Fcomments&post=57"}],"version-history":[{"count":47,"href":"https:\/\/cecsoftware.com.br\/index.php?rest_route=\/wp\/v2\/pages\/57\/revisions"}],"predecessor-version":[{"id":194,"href":"https:\/\/cecsoftware.com.br\/index.php?rest_route=\/wp\/v2\/pages\/57\/revisions\/194"}],"wp:attachment":[{"href":"https:\/\/cecsoftware.com.br\/index.php?rest_route=%2Fwp%2Fv2%2Fmedia&parent=57"}],"curies":[{"name":"wp","href":"https:\/\/api.w.org\/{rel}","templated":true}]}}